ppose 23*x + 22 = 25*x. Let n be c(x). Let k = -36 - n. What is the highest common factor of 99 and k?
11
Suppose 20 - 540 = 13*w. Let q be (7 - 1)*2/(-4)*w. What is the greatest common factor of 90 and q?
30
Suppose -3*l + 375 = z, 4*l - 384 = 5*z + 154. Calculate the greatest common divisor of l and 254.
127
Let t = 112 - 335. Let b = -23 - t. Let x be ((-6050)/b)/(2/(-17 + 1)). What is the greatest common factor of x and 22?
22
Suppose 3*k - 736 = -13*k. Let x = 516 - 424. Calculate the highest common divisor of x and k.
46
Suppose 3*j = t + 82, -5*j + 3*t + 59 = -75. Let b = -23 + j. What is the greatest common factor of b and 40?
5
Let k(n) = n**2 - 27 - 15*n - 14*n + 2*n + 7*n. Let a be k(21). Let h be 3/(-6) + (-51)/a. Calculate the greatest common divisor of h and 2.
2
Let p(c) = 8*c**2 - 92*c - 980. Let u be p(-11). What is the highest common divisor of u and 6750?
250
Suppose 6*y = -3*r + y + 986, 3*r + 4*y - 988 = 0. What is the greatest common factor of 4150 and r?
166
Suppose 1 = 3*k - 11. Suppose -k*f = -7 - 17. Let z = -23712 - -23778. Calculate the highest common factor of z and f.
6
Let o(w) = w**3 + 32*w**2 + 15*w - 277. Let c be o(-30). Calculate the highest common divisor of 174 and c.
29
Suppose 4*j - 24 = 2*j. Let k = j - 9. Let h be 74/(1*-2)*k/(-3). Calculate the greatest common factor of h and 148.
37
Suppose -7*v = 4*v - 2904. Suppose 20*m = 53*m - v. Suppose 3*j - 10 = 26. What is the highest common factor of m and j?
4
Suppose -67*t = -37*t - 780. Let y = 35 + -27. What is the greatest common divisor of t and y?
2
Let b be 10/(-25) + 21/15. Let o(f) = 10*f + 87. Let p be o(-9). Let n be (-120)/(-5) + b + p + 0. Calculate the highest common factor of n and 198.
22
Suppose 141 = x + 2*w, -6*w - 546 = -4*x - 8*w. Let g = x - 57. Let s be 7 + (-4)/12*3. What is the greatest common factor of s and g?
6
Let g = 3878 - 1809. Let y = g - 1094. Calculate the greatest common factor of y and 65.
65
Let c(u) = -103*u + 121. Let y be c(1). What is the highest common factor of y and 58?
2
Suppose -3*o + 2 = -z, 77 = -6*z + 10*z + 5*o. Let b(x) = 32*x - 119. Let k be b(z). Calculate the greatest common factor of k and 33.
33
Suppose -7*b = -3*b - 3*f - 66, -2*b + 38 = -4*f. Suppose 5*q + 0*q = -b, 5*y + 5*q - 205 = 0. Calculate the highest common divisor of 55 and y.
11
Let w = -453 + 465. Suppose 7*m = -w*m + 3705. What is the highest common divisor of 45 and m?
15
Suppose -4*h + 5*j = -6*h + 25, -5*j = -5*h + 115. What is the greatest common divisor of h and 29800?
20
Let h = -209 - -325. Let d = h - 54. Let f = 10 + d. Calculate the highest common divisor of f and 8.
8
Let j = 26438 - 26330. Suppose -2*q = 2*q - 48. What is the greatest common factor of j and q?
12
Let b(w) = -31*w + 195. Let z be b(-9). Calculate the highest common divisor of 869 and z.
79
Let v be -28*5/((-105)/18). Let j = 243 + -165. Calculate the greatest common factor of j and v.
6
Suppose -2*j = 5*g - 3*j - 25, 4*g - 11 = -j. Suppose 4*u - 2*u + 2*p - 594 = 0, 3*u - g*p = 891. Calculate the highest common factor of u and 33.
33
Suppose -513 = -5*q - v, -7*q - 4*v = -1024 + 298. Let u be (3*78/(-27))/((-34)/q). What is the greatest common divisor of u and 169?
13
Let h = -21172 - -21188. Let y(s) = 34*s + 4. Let m be y(6). Calculate the greatest common factor of h and m.
16
Let r = 11914 - 10939. What is the greatest common divisor of 78 and r?
39
Let v(o) = 395*o - 1157. Let i be v(3). Suppose -7*a + 3*a = 0. Suppose a*x = 2*x - 14. Calculate the greatest common divisor of x and i.
7
Suppose 2*h + 2*r - 9740 = 0, 4*r - 28109 = -5*h - 3754. What is the highest common divisor of 15 and h?
15
Let k be 12/8 - (-3)/6. Let p be ((-646)/44 - 10/(-55))*k. Let v = 62 + p. What is the highest common divisor of v and 3?
3
Suppose 64*k + 49 = 53*k + 2282. What is the greatest common factor of k and 1595?
29
Suppose 111*q - 94*q - 153 = 0. Let c(u) = 18*u**2. Let x be c(1). What is the highest common divisor of x and q?
9
Suppose -91*j + 8 = -87*j. Suppose 0 = -14*y + j*y + 24. Suppose 0 = 5*w + 4*q - 58, -4*q - 3 + 47 = 4*w. What is the greatest common divisor of w and y?
2
Let k be 5/((-30)/(-2))*0. Suppose 101*u - 106*u + 10 = k. Calculate the highest common factor of u and 54.
2
Suppose -6*g + 4832 = 5*u - 2*g, 0 = -2*g + 6. Suppose 4*j - 572 = u. Calculate the greatest common factor of 12 and j.
12
Let s be (-6)/8*(-144)/1. Let l be (1 + -6 - -8) + -7. Let b be ((-112)/70)/(l/30). What is the highest common divisor of s and b?
12
Suppose -75 = -9*m + 4*m. Let t be 2 - (-3)/(m/1280) - -3. Calculate the greatest common divisor of 29 and t.
29
Suppose -13*h - 13*h + 18972 = 25*h. What is the highest common factor of h and 217?
31
Let q = 2456 - 1080. Calculate the highest common divisor of 43 and q.
43
Let k be 3*((-13 - -8) + 41). Suppose 18*q - 9*q = k. Suppose i = -5*c + 2*i + 90, -3*i = 3*c - 54. Calculate the highest common divisor of c and q.
6
Suppose -5*a = r - 7, -828*r + 824*r + 2*a + 94 = 0. What is the highest common divisor of r and 1408?
22
Let r(c) be the second derivative of -4*c**3 + 0 - 1/6*c**4 - 6*c - 11/2*c**2. Let q be r(-11). Calculate the highest common factor of 77 and q.
11
Suppose -18*h = 22*h - 19*h - 17766. Calculate the greatest common divisor of 54 and h.
18
Let j(c) = 11*c - 6. Let n be j(2). Let z = n - 14. Let f be 31 + (-3 - z - -2). What is the highest common divisor of 7 and f?
7
Suppose 21*u - 30 = 12. Let d = 12 - u. What is the highest common factor of 190 and d?
10
Let j be (590/(-236))/(26/(-12) + 2). Calculate the highest common factor of j and 3815.
5
Let w(c) = 3*c**2 - 3*c + 8. Let y = 280 + -282. Let n be w(y). What is the greatest common factor of n and 130?
26
Suppose -v - 3576 = -46. Let m be (-4)/42 + v/(-21). What is the highest common divisor of m and 420?
84
Suppose 5*m = -p + 2394, m + 584 = -4*p + 1097. What is the highest common divisor of 2968 and m?
53
Let s = 2083 - 1726. Calculate the greatest common divisor of 147 and s.
21
Let r be (-166448)/(-20) + (24/(-135) - (-6)/(-27)). Calculate the greatest common factor of 584 and r.
146
Let n(d) = -25*d + 34. Let w be n(-9). Suppose 4*p - w = -231. What is the greatest common divisor of p and 7?
7
Let z = -198 - -341. Suppose 431 = 46*o - 581. What is the greatest common divisor of z and o?
11
Let k(d) = 3*d**3 - 2*d - 2. Let u be k(3). Let q = u + -61. Suppose 0 = -q*p + 14*p - 60. What is the greatest common divisor of 10 and p?
10
Let i = -3401 + 3545. Let y = 114 + -78. What is the greatest common factor of i and y?
36
Let c(f) = -f**3 + 66*f + 249. Let k be c(-5). Calculate the greatest common factor of k and 2607.
11
Let j be 2/12 - ((-19019)/42 - 2). What is the highest common factor of j and 56?
7
Let l be ((-21)/2)/((-1772)/80 - -22). Calculate the greatest common divisor of 2926 and l.
14
Let c(n) = -2*n**2 - 2*n. Let f be c(-2). Let a = 7 - f. Let o = -1548 + 1636. Calculate the highest common divisor of a and o.
11
Let l = 197 - 174. Suppose l*w + 299 = 36*w. Calculate the highest common factor of w and 46.
23
Let a(t) = t**2 + 18*t - 147. Let c be a(-24). Let v be 20/30 - 58/c - 2. Let r = 25 + -16. Calculate the greatest common divisor of r and v.
9
Let w = 2684 + -1738. Calculate the highest common divisor of 344 and w.
86
Let r(s) be the second derivative of s**4/12 + 13*s**3/6 + 2*s**2 + 2*s + 57. Let t be r(-14). Calculate the highest common factor of t and 18.
18
Suppose 397*r + 7128 = 478*r. Calculate the highest common divisor of r and 638.
22
Let h(i) = 13*i - 92. Let g be h(10). Suppose 4*w = 218 + g. Calculate the greatest common divisor of 64 and w.
64
Suppose -4*k = 4*h - 4, 5*k + h - 11 = 2*h. Suppose -k*m + 49 = 11. Let l(g) = 17*g - 9. Let p be l(5). What is the greatest common factor of m and p?
19
Let q(c) = 4*c - 36. Let w be 22/1*(6 + 0)/12. Let g be q(w). Calculate the greatest common factor of g and 72.
8
Let g = -7400 - -7421. Calculate the greatest common factor of 2870 and g.
7
Let u(h) = -19*h - 155 + 170*h**2 + 17*h - 169*h**2. Let d be u(-16). Suppose 3*w - 9 = 4*s - 52, w + 19 = 2*s. What is the highest common divisor of s and d?
7
Suppose 1136*m + 40637 - 122429 = 0. Suppose -5*a = -3*g + 49, 4*g - 41 = 2*g - 5*a.